8 is divided by 36.
34
Calculate the remainder when 681 is divided by 220.
21
Calculate the remainder when 1102 is divided by 21.
10
What is the remainder when 939 is divided by 10?
9
What is the remainder when 60 is divided by 13?
8
Calculate the remainder when 21 is divided by 8.
5
What is the remainder when 193 is divided by 65?
63
What is the remainder when 240 is divided by 58?
8
Calculate the remainder when 949 is divided by 56.
53
Calculate the remainder when 3961 is divided by 13.
9
Calculate the remainder when 806 is divided by 250.
56
What is the remainder when 94 is divided by 94?
0
Calculate the remainder when 130 is divided by 11.
9
What is the remainder when 191 is divided by 51?
38
Calculate the remainder when 1426 is divided by 204.
202
Calculate the remainder when 415 is divided by 84.
79
What is the remainder when 381 is divided by 194?
187
Calculate the remainder when 63 is divided by 29.
5
What is the remainder when 2218 is divided by 30?
28
What is the remainder when 422 is divided by 25?
22
Calculate the remainder when 108 is divided by 14.
10
What is the remainder when 117 is divided by 20?
17
Calculate the remainder when 17799 is divided by 387.
384
Calculate the remainder when 666 is divided by 16.
10
What is the remainder when 1018 is divided by 207?
190
What is the remainder when 334 is divided by 12?
10
Calculate the remainder when 496 is divided by 241.
14
Calculate the remainder when 2183 is divided by 24.
23
Calculate the remainder when 332 is divided by 67.
64
Calculate the remainder when 79 is divided by 46.
33
Calculate the remainder when 3754 is divided by 49.
30
Calculate the remainder when 71 is divided by 43.
28
What is the remainder when 7060 is divided by 38?
30
What is the remainder when 27 is divided by 10?
7
What is the remainder when 78 is divided by 27?
24
Calculate the remainder when 74 is divided by 56.
18
Calculate the remainder when 466 is divided by 32.
18
What is the remainder when 252 is divided by 73?
33
What is the remainder when 1247 is divided by 102?
23
Calculate the remainder when 82 is divided by 22.
16
What is the remainder when 62 is divided by 29?
4
What is the remainder when 2922 is divided by 25?
22
Calculate the remainder when 127 is divided by 62.
3
What is the remainder when 416 is divided by 124?
44
Calculate the remainder when 874 is divided by 13.
3
What is the remainder when 1008 is divided by 261?
225
Calculate the remainder when 198 is divided by 30.
18
Calculate the remainder when 29 is divided by 21.
8
Calculate the remainder when 306 is divided by 11.
9
Calculate the remainder when 178 is divided by 154.
24
Calculate the remainder when 29 is divided by 29.
0
Calculate the remainder when 6183 is divided by 30.
3
What is the remainder when 522 is divided by 87?
0
Calculate the remainder when 111 is divided by 85.
26
What is the remainder when 76 is divided by 11?
10
What is the remainder when 1846 is divided by 351?
91
What is the remainder when 153 is divided by 50?
3
Calculate the remainder when 5212 is divided by 22.
20
What is the remainder when 400 is divided by 36?
4
Calculate the remainder when 12518 is divided by 4171.
5
What is the remainder when 42 is divided by 15?
12
What is the remainder when 141 is divided by 29?
25
Calculate the remainder when 1859 is divided by 28.
11
What is the remainder when 6458 is divided by 7?
4
What is the remainder when 8395 is divided by 27?
25
Calculate the remainder when 765 is divided by 224.
93
What is the remainder when 2480 is divided by 35?
30
Calculate the remainder when 2105 is divided by 698.
11
What is the remainder when 919 is divided by 40?
39
What is the remainder when 910 is divided by 97?
37
What is the remainder when 207 is divided by 13?
12
What is the remainder when 4 is divided by 3?
1
Calculate the remainder when 118 is divided by 41.
36
What is the remainder when 101 is divided by 72?
29
What is the remainder when 18547 is divided by 53?
50
What is the remainder when 159 is divided by 10?
9
Calculate the remainder when 2243 is divided by 102.
101
What is the remainder when 301 is divided by 164?
137
Calculate the remainder when 4 is divided by 1.
0
Calculate the remainder when 2594 is divided by 43.
14
What is the remainder when 816 is divided by 445?
371
What is the remainder when 146 is divided by 1?
0
What is the remainder when 76 is divided by 28?
20
What is the remainder when 38 is divided by 21?
17
What is the remainder when 31 is divided by 17?
14
What is the remainder when 45 is divided by 12?
9
What is the remainder when 502 is divided by 72?
70
What is the remainder when 1916 is divided by 272?
12
Calculate the remainder when 390 is divided by 49.
47
Calculate the remainder when 56 is divided by 5.
1
What is the remainder when 5959 is divided by 21?
16
What is the remainder when 352 is divided by 89?
85
What is the remainder when 600 is divided by 264?
72
Calculate the remainder when 1678 is divided by 40.
38
What is the remainder when 347 is divided by 111?
14
Calculate the remainder when 1641 is divided by 46.
31
Calculate the remainder when 127 is divided by 30.
7
Calculate the remainder when 431 is divided by 39.
2
Calculate the remainder when 5702 is divided by 35.
32
Calculate the remainder when 71 is divided by 41.
30
Calculate the remainder when 100 is divided by 43.
14
Calculate the remainder when 1051 is divided by 15.
1
What is the remainder when 438 is divided by 112?
102
Calculate the remainder when 508 is divided by 79.
34
What is the remainder when 14758 is divided by 120?
118
What is the remainder when 445 is divided by 45?
40
What is the remainder when 862 is divided by 1?
0
What is the remainder when 67 is divided by 56?
11
Calculate the remainder when 51 is divided by 13.
12
Calculate the remainder when 137 is divided by 84.
53
Calculate the remainder when 273 is divided by 67.
5
What is the remainder when 173 is divided by 81?
11
Calculate the remainder when 367 is divided by 46.
45
What is the remainder when 42 is divided by 22?
20
Calculate the remainder when 92 is divided by 50.
42
Calculate the remainder when 1499 is divided by 6.
5
Calculate the remainder when 1592 is divided by 17.
11
What is the remainder when 1077 is divided by 54?
51
What is the remainder when 271 is divided by 14?
5
What is the remainder when 336 is divided by 107?
15
Calculate the remainder when 3846 is divided by 148.
146
Calculate the remainder when 634 is divided by 22.
18
What is the remainder when 2387 is divided by 5?
2
What is the remainder when 385 is divided by 6?
1
What is the remainder when 31653 is divided by 13?
11
Calculate the remainder when 226 is divided by 24.
10
What is the remainder when 1032 is divided by 213?
180
What is the remainder when 3994 is divided by 22?
12
What is the remainder when 332 is divided by 314?
18
What is the remainder when 38 is divided by 27?
11
Calculate the remainder when 252 is divided by 69.
45
What is the remainder when 4920 is divided by 25?
20
What is the remainder when 79 is divided by 30?
19
What is the remainder when 1989 is divided by 133?
127
Calculate the remainder when 720 is divided by 350.
20
What is the remainder when 101 is divided by 54?
47
What is the remainder when 127 is divided by 51?
25
What is the remainder when 185 is divided by 40?
25
Calculate the remainder when 136 is divided by 128.
8
Calculate the remainder when 130 is divided by 69.
61
What is the remainder when 24 is divided by 10?
4
What is the remainder when 270 is divided by 13?
10
What is the remainder when 2322 is divided by 232?
2
Calculate the remainder when 346 is divided by 37.
13
What is the remainder when 49 is divided by 28?
21
Calculate the remainder when 585 is divided by 174.
63
What is the remainder when 114 is divided by 42?
30
Calculate the remainder when 18967 is divided by 8.
7
What is the remainder when 555 is divided by 31?
28
What is the remainder when 1998 is divided by 87?
84
Calculate the remainder when 69 is divided by 65.
4
Calculate the remainder when 6330 is divided by 13.
12
Calculate the remainder when 600 is divided by 72.
24
Calculate the remainder when 278 is divided by 32.
22
What is the remainder when 6972 is divided by 15?
12
What is